he units digit of 820?
0
What is the hundreds digit of 1081?
0
What is the units digit of 556?
6
What is the hundreds digit of 22170?
1
What is the units digit of 1188?
8
What is the thousands digit of 4386?
4
What is the units digit of 5773?
3
What is the units digit of 49959?
9
What is the tens digit of 1262?
6
What is the units digit of 5?
5
What is the thousands digit of 10861?
0
What is the hundreds digit of 573?
5
What is the tens digit of 222?
2
What is the units digit of 183?
3
What is the thousands digit of 3652?
3
What is the units digit of 2?
2
What is the thousands digit of 2149?
2
What is the hundreds digit of 726?
7
What is the hundreds digit of 650?
6
What is the thousands digit of 90145?
0
What is the tens digit of 8278?
7
What is the units digit of 1051?
1
What is the units digit of 646?
6
What is the hundreds digit of 1145?
1
What is the thousands digit of 7799?
7
What is the units digit of 1117?
7
What is the hundreds digit of 3589?
5
What is the thousands digit of 23639?
3
What is the units digit of 6818?
8
What is the hundreds digit of 742?
7
What is the units digit of 75138?
8
What is the ten thousands digit of 13421?
1
What is the units digit of 5845?
5
What is the ten thousands digit of 19474?
1
What is the units digit of 24711?
1
What is the hundreds digit of 1999?
9
What is the hundred thousands digit of 102045?
1
What is the units digit of 67170?
0
What is the units digit of 794?
4
What is the units digit of 48401?
1
What is the hundreds digit of 6631?
6
What is the tens digit of 108?
0
What is the hundreds digit of 28453?
4
What is the hundreds digit of 1233?
2
What is the hundreds digit of 43284?
2
What is the tens digit of 4914?
1
What is the thousands digit of 1384?
1
What is the thousands digit of 1072?
1
What is the hundreds digit of 4927?
9
What is the tens digit of 9059?
5
What is the hundreds digit of 6586?
5
What is the tens digit of 96852?
5
What is the ten thousands digit of 37592?
3
What is the units digit of 315?
5
What is the tens digit of 988?
8
What is the ten thousands digit of 69212?
6
What is the hundreds digit of 787?
7
What is the hundreds digit of 22177?
1
What is the hundreds digit of 1181?
1
What is the hundreds digit of 4231?
2
What is the units digit of 14557?
7
What is the tens digit of 293?
9
What is the tens digit of 337?
3
What is the ten thousands digit of 96395?
9
What is the hundreds digit of 5027?
0
What is the tens digit of 27136?
3
What is the thousands digit of 11515?
1
What is the tens digit of 2364?
6
What is the ten thousands digit of 45300?
4
What is the hundreds digit of 9701?
7
What is the units digit of 60488?
8
What is the ten thousands digit of 37107?
3
What is the units digit of 2385?
5
What is the thousands digit of 9601?
9
What is the tens digit of 14091?
9
What is the hundreds digit of 17784?
7
What is the thousands digit of 6523?
6
What is the units digit of 669?
9
What is the tens digit of 171118?
1
What is the ten thousands digit of 13340?
1
What is the units digit of 1428?
8
What is the thousands digit of 3714?
3
What is the hundreds digit of 485?
4
What is the hundreds digit of 159896?
8
What is the units digit of 1151?
1
What is the thousands digit of 28459?
8
What is the thousands digit of 10932?
0
What is the hundreds digit of 15304?
3
What is the tens digit of 14199?
9
What is the units digit of 2519?
9
What is the units digit of 19631?
1
What is the units digit of 3513?
3
What is the units digit of 5408?
8
What is the hundreds digit of 314?
3
What is the ten thousands digit of 10769?
1
What is the units digit of 647?
7
What is the hundreds digit of 3390?
3
What is the tens digit of 488?
8
What is the hundreds digit of 8845?
8
What is the tens digit of 5615?
1
What is the units digit of 175?
5
What is the hundreds digit of 2992?
9
What is the ten thousands digit of 37757?
3
What is the units digit of 32?
2
What is the hundreds digit of 22442?
4
What is the thousands digit of 59100?
9
What is the tens digit of 1885?
8
What is the hundreds digit of 6204?
2
What is the hundreds digit of 10453?
4
What is the tens digit of 49965?
6
What is the ten thousands digit of 58313?
5
What is the units digit of 379?
9
What is the units digit of 507?
7
What is the units digit of 3541?
1
What is the units digit of 1877?
7
What is the thousands digit of 66168?
6
What is the hundreds digit of 4559?
5
What is the ten thousands digit of 13221?
1
What is the thousands digit of 1322?
1
What is the ten thousands digit of 17910?
1
What is the thousands digit of 22693?
2
What is the thousands digit of 40343?
0
What is the hundreds digit of 9316?
3
What is the hundreds digit of 5863?
8
What is the thousands digit of 30417?
0
What is the hundreds digit of 1580?
5
What is the hundreds digit of 65665?
6
What is the hundreds digit of 36425?
4
What is the hundreds digit of 400?
4
What is the units digit of 11095?
5
What is the tens digit of 1206?
0
What is the thousands digit of 3291?
3
What is the ten thousands digit of 14424?
1
What is the units digit of 34345?
5
What is the hundreds digit of 3268?
2
What is the hundreds digit of 385?
3
What is the tens digit of 4112?
1
What is the thousands digit of 12782?
2
What is the tens digit of 24824?
2
What is the tens digit of 909?
0
What is the thousands digit of 1074?
1
What is the units digit of 4494?
4
What is the hundreds digit of 38818?
8
What is the tens digit of 3873?
7
What is the units digit of 437?
7
What is the tens digit of 24631?
3
What is the units digit of 857?
7
What is the hundreds digit of 1104?
1
What is the tens digit of 88053?
5
What is the tens digit of 530?
3
What is the hundreds digit of 30941?
9
What is the tens digit of 437?
3
What is the units digit of 3693?
3
What is the hundreds digit of 809?
8
What is the units digit of 1562?
2
What is the thousands digit of 1054?
1
What is the hundreds digit of 8546?
5
What is the units digit of 200?
0
What is the units digit of 1937?
7
What is the tens digit of 2930?
3
What is the hundreds digit of 60062?
0
What is the tens digit of 11870?
7
What is the tens digit of 8236?
3
What is the tens digit of 79271?
7
What is the ten thousands digit of 18233?
1
What is the ten thousands digit of 11454?
1
What is the units digit of 3266?
6
What is the units digit of 115112?
2
What is the units digit of 53253?
3
What is the hundreds digit of 30867?
8
What is the hundreds digit of 181684?
6
What is the tens digit of 1536?
3
What is the units digit of 31?
1
What is the units digit of 853?
3
What is the hundreds digit of 12744?
7
What is the ten thousands digit of 14151?
1
What is the thousands digit of 2912?
2
What is the units digit of 14228?
8
What is the units digit of 243?
3
What is the tens digit of 646?
4
What is the thousands digit of 8416?
8
What is the tens digit of 11301?
0
What is the thousands digit of 11379?
1
What is the units digit of 75062?
2
What is the tens digit of 691?
9
What is the hundreds digit of 7181?
1
What is the units digit of 74?
4
What is the thousands digit of 7000?
7
What is the units digit of 23816?
6
What is the hundreds digit of 71631?
6
What is the units digit of 1325?
5
What is the units digit of 1403?
3
What is the ten thousands digit of 42057?
4
What is the units digit of 16938?
8
What is the units digit of 3063?
3
What is the hundreds digit of 762?
7
What is the hundreds digit of 7586?
5
What is the thousands digit of 11444?
1
What is the thousands digit of 1976?
1
What is the units digit of 955?
5
What is the units digit of 1622?
2
What is the tens digit of 4352?
5
What is the hundreds digit of 3192?
1
What is the hundreds digit of 3338?
3
What is the tens digit of 422?
2
What is the tens digit of 4422?
2
What is the units digit of 431?
1
What is the units digit of 3411?
1
What is the units digit of 971?
1
What is the units digit of 1976?
6
What is the thousands digit of 21142?
1
What is the thousands digit of 50017?
0
What is the thousands digit of 2218?
2
What is the tens digit of 747?
4
What is the hundreds digit of 426?
4
What is the tens digit of 1893?
9
What is the units digit of 13524?
4
What is the tens digit of 1363?
6
What is the tens digit of 1636?
3
What is the thousands digit of 10056?
0
What is the hundreds digit of 668?
6
What is th